remainder when 32 is divided by v.
15
Let b = 29 + 0. What is the remainder when b is divided by 8?
5
Let h(j) = -25*j - 16. What is the remainder when h(-3) is divided by 31?
28
Let v(p) = 2*p**3 - 3*p**2 + p - 1. Suppose 3*x - 1 = -5*h + 20, -h + 7 = 2*x. Calculate the remainder when v(2) is divided by x.
1
Let p(w) = w + 5. What is the remainder when 20 is divided by p(6)?
9
Let y = -213 + -42. Let r = 375 + y. Suppose 0 = -3*x - 5*v + 72, r = 4*x - 4*v - 8. Calculate the remainder when x is divided by 10.
9
Let k(m) = -m**3 + 9*m**2 - 7*m + 11. Let y be k(8). Let f = y - 0. Let g(d) = -18*d + 1. Calculate the remainder when g(-3) is divided by f.
17
Let z = -71 - -101. What is the remainder when z is divided by 18/(-63) + 228/14?
14
Let z(b) = -20*b**3 + 3*b**2 + 3*b + 2. Let m be z(-2). Suppose -2*d - 3*i = -59, 4*d + 4*i + 56 = m. Calculate the remainder when d is divided by 13.
12
Suppose 0 = -2*z - 3*n + 44, z - 3*z + 3*n = -20. Let o = -3 + z. Calculate the remainder when 25 + (0 - 1 - -1) is divided by o.
12
Let g be ((-6)/(-5))/(3/(-10)). Let a = -4 - g. Suppose 3 = l - a*l. What is the remainder when 5 is divided by l?
2
Let t = -16 - -33. Suppose -2*x + 33 = 5*f, -5*f = -x - 2*f - 11. Calculate the remainder when t is divided by 12/x - -1*3.
5
Let u(v) = 5*v - 31. What is the remainder when 53 is divided by u(9)?
11
Let u = 4 - 0. Suppose -3*x - 44 = -5*y, -u*y - 2*x + 13 = 3*x. Calculate the remainder when y is divided by 3.
1
Let g(v) = v**2 + 13*v + 1. Calculate the remainder when 74 is divided by g(-14).
14
Let b(i) = 9*i - 7. Calculate the remainder when 28 is divided by b(2).
6
Calculate the remainder when -14*3/(-2) - -2 is divided by 6.
5
Let r(y) = -2*y**3 + 26*y**2 - 24*y + 8. Calculate the remainder when r(12) is divided by 4.
0
Let k = 11 + -8. Suppose -42 = -k*x - 2*g - 2*g, -g = 5*x - 53. Suppose -2*o = 4*c - 14, 3*c - 3*o - 33 = -0*o. Calculate the remainder when x is divided by c.
4
Suppose -r + 5*f - 2 = 3*f, 3*f + 9 = 3*r. What is the remainder when 47 is divided by r?
7
Suppose -3*j = -b - 2, -5*b - 2*j - 32 = -6*j. Let k = 2 - b. Calculate the remainder when 28 is divided by k.
8
Let w(a) = a**2 - 4*a - 15. What is the remainder when 46 is divided by w(8)?
12
Let m(f) = 8*f + 2. Suppose -5*n = 3*t - 1 - 4, 2*t + 10 = 0. Let z(w) = -2*w - 13. Calculate the remainder when m(n) is divided by z(-11).
7
Let s = -67 - -106. What is the remainder when -258*(4 - s/9) is divided by 29?
28
Suppose 99 = 4*j - 65. Calculate the remainder when j is divided by 21.
20
Let v(m) = 0*m**2 - 3*m**3 - 2*m**2 + 3*m - 2*m**2 + 9*m**3. Calculate the remainder when v(2) is divided by 13.
12
Let f = -14 + 19. What is the remainder when -2*((-30)/4 - 1) is divided by f?
2
Let z = 90 - 85. What is the remainder when 27 is divided by z?
2
Let i(d) = -d**3 + 4 - d**3 + 7*d**2 + d**3 - d. Let u be i(7). Calculate the remainder when (-73)/u + (-2)/6 is divided by 13.
11
Let l = 3 - -6. Suppose 2*b + o - 253 = -2*o, o + 471 = 4*b. Suppose 15 = -5*p, p - b = -5*f - p. Calculate the remainder when f is divided by l.
7
Let n(w) = -3*w - 14. Let z = -12 - -17. Suppose -d - z*a + 15 = 0, 11 = 5*d + 2*a + 51. Calculate the remainder when n(d) is divided by 9.
7
Let m be 85/10 + -2*3/(-12). Let r(w) = w + 4. Let u be r(-4). Suppose u = -2*d + 9 + m. What is the remainder when 25 is divided by d?
7
Suppose 3*c = -3, 0 = 5*o - 3*c + 126 - 594. What is the remainder when o/3 + 1 + 0 is divided by 17?
15
Suppose 0 = -3*y + 2 + 4. Calculate the remainder when ((-18)/(-8))/((-6)/(-16)) is divided by y.
0
Suppose 10*b - 1163 + 63 = 0. What is the remainder when b is divided by 29?
23
Suppose -2*n - 5 - 3 = 0, 3*p - 4*n = 85. Let x = 8 + 0. Calculate the remainder when p is divided by x.
7
Let s(i) = -i**2 + 23*i - 24. What is the remainder when 70 is divided by s(21)?
16
Suppose 0 = 3*j - h - 106, 3*h = 2*j - 0*h - 73. Calculate the remainder when 103 is divided by j.
33
Let l(p) = 19*p. Let t be l(1). Let k = 18 + t. Calculate the remainder when k is divided by 10.
7
Let h = 15 - 7. Let r(m) = m + 4. Let b be r(h). Let k = -6 + b. What is the remainder when 11 is divided by k?
5
Let u = -3 - -5. Suppose 8 + u = 2*n. Let x = -4 + 7. Calculate the remainder when n is divided by x.
2
Suppose -2*d + 3*a - 4 = 7, -5*d = a + 19. Let w be 3/(-12) + (-225)/d. Let k = -32 + w. Calculate the remainder when k is divided by 13.
11
Let l(h) = h**3 - 7*h**2 + h + 4. Suppose 2*f = -f + 12. Let q = f + 15. What is the remainder when q is divided by l(7)?
8
Let g(w) = w - 4. Let s be g(-14). Let l = s + 28. Calculate the remainder when l is divided by 4.
2
Let r = 11 + 4. Suppose 2*m + r = 5*m. Calculate the remainder when 13 is divided by m.
3
Suppose -4*k = -5*i - 255, 3*i = -5*k - 89 + 417. What is the remainder when k is divided by 23?
19
Let w be 4/(-6) - (-220)/6. Let z = w - 23. Calculate the remainder when 297/12 - (-2)/8 is divided by z.
12
What is the remainder when 274/6 + 32/24 is divided by 24?
23
Suppose -u = -3*r + 136, 4*u = 2*r + 3*r - 229. What is the remainder when r is divided by 12?
9
Suppose 2*j = 3*k - 91, 0 = -3*k - 2*k - 5*j + 135. Calculate the remainder when k is divided by 1/4 - 39/(-4).
9
Suppose -4*a + 5*a - 4 = 0. Calculate the remainder when 7 is divided by a.
3
Suppose 3*w + 2*w + 4*c = 75, -2*c = 0. What is the remainder when w is divided by 8?
7
What is the remainder when (-1 - -14) + 4 + 0 is divided by 6?
5
Suppose 0 = -j + 5*c + 23, -7*j + 124 = -0*j + 2*c. Let s = -9 - -80. Calculate the remainder when s is divided by j.
17
Suppose 3*s = -3*v + 27, -2*v - 3*s - 2*s = -33. Suppose l - 4*o = 23, 0 = -2*l - o - v*o + 72. What is the remainder when l is divided by 8?
7
Let b(d) = -4*d - 3. Let t be (-24)/11 + 4/22. Calculate the remainder when 8 is divided by b(t).
3
Suppose 2*z - 109 = 65. What is the remainder when z is divided by 22?
21
Let d = 0 + 22. Suppose 0*i - i + d = 0. What is the remainder when i is divided by 12?
10
Let y(x) = -x**3 + 8*x**2 + 23*x - 16. What is the remainder when 23 is divided by y(10)?
9
Let b be 2 + (-6 + -2)/(-2). Suppose 5*g - 72 = -2*z, 2*g - 20 = 2*z + b. What is the remainder when (-2)/(-5) + (-640)/(-25) is divided by g?
12
Suppose 15 = 6*r - 21. Let g = -29 - -52. What is the remainder when g is divided by r?
5
Let h be 16/3*(0 + 3). Calculate the remainder when ((-44)/(-2))/(h/8) is divided by 7.
4
Let i = 111 - 78. Calculate the remainder when 55 is divided by i.
22
Suppose -3*t - 2 = -17. Let j(p) = -4*p + 6*p**2 + 6 - p**3 + 3*p - 2 + p**2. What is the remainder when j(t) is divided by 17?
15
Let k(j) = j**3 + 11*j**2 - 2*j - 5. Suppose 9*y - 4*y + 55 = 0. Calculate the remainder when 64 is divided by k(y).
13
What is the remainder when (-4)/2*(-3 + -26) is divided by 15?
13
Suppose -13*w = -12*w - 11. What is the remainder when w is divided by 7?
4
Let f = 22 - -19. What is the remainder when f is divided by 15?
11
Suppose -3*j - 203 = j - 3*v, -5*j - 277 = 4*v. Let p = -26 - j. Calculate the remainder when p is divided by 15.
12
Let y(r) = -8*r - 7. Let k(j) = 8*j + 6. Let f(a) = -5*k(a) - 4*y(a). Let s be f(-2). Let x = -7 + s. What is the remainder when x is divided by 3?
1
Suppose 0 = -2*r + 2*g + 22, 0*r - 4*g - 14 = -r. What is the remainder when 38 is divided by r?
8
Let h(g) = g**3 + 6*g**2 + 4*g - 3. Let u be h(-5). Suppose -3*p + u = 5. What is the remainder when 43 is divided by (-138)/(-9) + p/3?
13
Let x = 41 - 20. What is the remainder when 59 is divided by x?
17
Suppose 10 + 6 = 4*d. Suppose 0 = d*m - 13 - 23. What is the remainder when 17 is divided by m?
8
Let y = -13 + 8. Let m be 24/(-10) - 2/y. What is the remainder when (-143)/(-3) - m/(-3) is divided by 24?
23
Let f(z) = -z - 1. Let b = -1 + -4. Let k be f(b). Suppose p = k + 7. What is the remainder when p is divided by 6?
5
Suppose 5*n = -y + 310, n + 124 = 3*n + 3*y. What is the remainder when n is divided by 11?
7
Suppose -64 = 5*i - 259. Calculate the remainder when i is divided by 20.
19
Suppose 5*n = 4*n + 12. Suppose 5*d - 5*z - 230 = 0, -3*z = 2*d - 4*d + 93. Calculate the remainder when d is divided by n.
9
Calculate the remainder when (-4 - -118)/1 + 1 + 2 is divided by 61.
56
Suppose r + r - 40 = 0. Calcu